is the remainder when h is divided by 8?
7
Suppose -4*i = 2*b - 8, 8 = 2*b + i + i. What is the remainder when 10 is divided by b?
2
Let q(a) = a**3 + 7*a**2 + a + 8. Let n be q(-6). Let c = -10 + n. Let i = -8 + 18. Calculate the remainder when c is divided by i.
8
Let o(f) = -3*f + 22. Let q be o(0). Suppose 19*j = q*j - 54. What is the remainder when j is divided by 5?
3
Let v(b) be the third derivative of b**6/40 - b**5/60 + b**4/24 - 2*b**2. What is the remainder when 65 is divided by v(2)?
21
Let c(p) = -6*p - 11. Calculate the remainder when 11 is divided by c(-3).
4
Let s = 70 + -66. Suppose -f = f - 8. Let i(n) = 3*n + 1. What is the remainder when i(f) is divided by s?
1
Let g(s) = -s**2 - 5*s + 2. Let n be g(3). Let d = n + 37. Suppose -x + 4*k + d = -k, 2*k = -x + 8. What is the remainder when 29 is divided by x?
9
Let q = -11 + 16. Let z(o) be the first derivative of o**4/4 + o**3/3 - o**2/2 + 3*o + 2. What is the remainder when q is divided by z(0)?
2
Suppose -6*v + 37 + 101 = 0. What is the remainder when v is divided by 8?
7
Suppose 0 = 5*f - 0 - 10. Calculate the remainder when f is divided by 2.
0
Let y = -13 + 25. Let h be (-4)/(-14) + y/7. Suppose 6 + h = 4*s. Calculate the remainder when s is divided by 1.
0
Suppose -2*q - q = -3*m + 27, 5*m = q + 29. Suppose 8 = m*r - 27. Suppose -r = -3*v + 2. What is the remainder when 5 is divided by v?
2
Let c(x) = -x**3 + 12*x**2 - 12*x + 16. Calculate the remainder when 9 is divided by c(11).
4
Let w = 605 + -431. What is the remainder when w is divided by 35?
34
Let a(o) = -15*o**3 + o. What is the remainder when 53 is divided by a(-1)?
11
Let q be 20*(-2)/(-4)*1. Let x = q + 0. Let j = -1277 + 1314. Calculate the remainder when j is divided by x.
7
Let p(d) = d**2 + d - 4. Let g be p(3). Suppose 2*t + g = -z, 3*z - 12 - 14 = 4*t. Let i = 5 - 1. Calculate the remainder when i is divided by z.
0
Let q(y) = 7*y**3 - 15*y**2 + y + 7. Let r(i) = -10*i**3 + 22*i**2 - i - 10. Let k(p) = 7*q(p) + 5*r(p). What is the remainder when k(5) is divided by 5?
4
Let k = -154 - -263. Suppose -124 = -2*l - j, 2*l - j = k + 23. Let o = -30 - -52. Calculate the remainder when l is divided by o.
20
Let r = 10 + 11. Calculate the remainder when 60 is divided by r.
18
Suppose -o - 3*d = -17, 0 = 3*d + 3 - 15. Suppose -o*b = -5*l - b + 37, 2*l - 4*b - 22 = 0. Calculate the remainder when 2/l - (-144)/15 is divided by 3.
1
Suppose -2*a = 2*a - 200. Calculate the remainder when a is divided by 12.
2
Let p be (0/(4/4))/2. Suppose 2*o - 52 = -4*s - p*s, 5*s - 3*o - 65 = 0. Calculate the remainder when 24 is divided by s.
11
Let p = 34 + -22. Suppose -4*h - 3 = -v - 3*h, -5*v + p = -4*h. Suppose d - 4 - 9 = v. Calculate the remainder when 37 is divided by d.
11
Let l = -65 - -91. Calculate the remainder when 77 is divided by l.
25
Suppose c + 124 = 3*c. Let q = c + -25. Let u = -25 + 44. Calculate the remainder when q is divided by u.
18
Let b(d) = -d**3 - 3*d**2 - 2*d - 4. Calculate the remainder when 10 - 7 - (-4)/2 is divided by b(-3).
1
Let f = 6 + -1. Let k = f - 2. Suppose 0 = 2*q - 5*m - 39 - 20, 0 = k*q + 4*m - 54. Calculate the remainder when q is divided by 8.
6
Suppose -9*y + 14*y = 30. What is the remainder when 8 is divided by y?
2
Let s = 28 - -81. What is the remainder when s is divided by 28?
25
Suppose 0 = -5*u - m + 381, -3*u + 328 = u - 5*m. Calculate the remainder when u is divided by 20.
17
Let d = 87 - 43. Let b be (-1)/3 - 40/15. Let p = b - -26. Calculate the remainder when d is divided by p.
21
What is the remainder when 138 is divided by (-4)/(-4)*(7 - 0)?
5
Suppose -4*i + z = -15, -i - i - 3*z = 3. Suppose -y + 11 = -0*y. Calculate the remainder when y is divided by i.
2
What is the remainder when -42*(4/6)/((-36)/27) is divided by 6?
3
Suppose -212 = -2*g + z, 0 = -3*g - 2*g - 2*z + 530. What is the remainder when g is divided by 12?
10
Suppose -2*a = 5*w - 68, 0 = 5*w + a - 0 - 69. Calculate the remainder when 23 is divided by w.
9
Calculate the remainder when (42 - -3) + 2 + -4 is divided by 15.
13
Suppose 21 = 4*u - 39. What is the remainder when 42 is divided by u?
12
Let p = 20 + -3. Let y(s) = -s**2 + 12*s + 6. What is the remainder when y(9) is divided by p?
16
Let l(g) = -10*g - 9. Calculate the remainder when l(-7) is divided by ((-84)/18)/((-4)/18).
19
Suppose -3*p = -3*i, p - i + 5*i - 10 = 0. Let u be 1/2*p*5. Suppose -u*r - 4*z + 29 = 0, 2*z - 6 = -r + z. What is the remainder when 7 is divided by r?
2
Suppose -5*s + 0*p = 4*p + 3, 4 = 2*s - p. What is the remainder when (2/6)/(s/30) is divided by 3 - -1*3/1?
4
Suppose 2*p + 3*p + 5 = 0. Let m(g) = 17*g**2 + 2*g + 1. What is the remainder when 63 is divided by m(p)?
15
Let j be 1 + 4*(-3)/(-6). Suppose j*u = -0*u + 18. What is the remainder when u is divided by 4?
2
Let h = 23 - 17. Calculate the remainder when 23 is divided by h.
5
Suppose 3*x - 12 = 0, -m - 5*x + 3*x = -28. Suppose u - m = -u. Calculate the remainder when 18 is divided by u.
8
Suppose -93*t + 91*t + 8 = 0. Let a(v) = v**3 + 5*v**2 - 7*v + 4. Calculate the remainder when a(-6) is divided by t.
2
Let k(v) = 2*v**3 + 2*v**2. Suppose 4*a = -a - b - 15, 0 = 4*a + 3*b + 23. Let u be k(a). What is the remainder when (126/24)/((-2)/u) is divided by 11?
10
Suppose 0*i - 30 = -2*i. Suppose -16*u + 97 = 33. Calculate the remainder when i is divided by u.
3
What is the remainder when -2 + 24/14 - (-2576)/98 is divided by 7?
5
Calculate the remainder when 2/(-6) - (35/21 - 3) is divided by 1.
0
Suppose 20 + 46 = 2*i. Calculate the remainder when i is divided by 12.
9
Suppose 2*u - 1 = -7. Let o = -14 - -25. Let y = o - u. Calculate the remainder when 26 is divided by y.
12
Let l = -5 - -5. Let a = -3 + l. Let m(g) = -3*g**3 - 3*g**2 + 3*g + 1. What is the remainder when m(a) is divided by 24?
22
Let q(o) = -o**2 + o. Let b(h) = -6*h**2 - h - 5. Let u(r) = -b(r) + 4*q(r). Calculate the remainder when u(-4) is divided by 10.
7
Suppose 0*x + 67 = 2*x + 3*l, -3*x = 5*l - 102. Calculate the remainder when x is divided by 16.
13
Let w = -41 - -54. What is the remainder when w is divided by 9?
4
Let d(h) = -4*h + 30. Calculate the remainder when 23 is divided by d(4).
9
Suppose 3*h + 5*t = 24, -3*h - t = -h - 9. Suppose -20 = -w + h*y, -96 = -5*w - 2*y + 21. What is the remainder when 67 is divided by w?
21
Suppose -3*i + 0 = -3. What is the remainder when (i - 2)/(3/(-141)) is divided by 16?
15
Suppose -4*b + 2*b + 30 = 0. Let h = 3 + -7. Let l(q) = -q**2 - 8*q - 7. Calculate the remainder when b is divided by l(h).
6
What is the remainder when 45 is divided by ((-1)/(-2))/(573/(-72) + 8)?
9
Calculate the remainder when 4/20 - 145/(-25) is divided by 2.
0
Let y(z) = z**2 + 10*z + 44. Calculate the remainder when y(-9) is divided by 9.
8
Suppose y = r + 1, y - 13 = -5*r + 2*r. Suppose k + 2*q = 8, k + 2*q - 4*q = 12. What is the remainder when k is divided by y?
2
Let o = -20 - -32. Let g = o + 1. Suppose 10 = 2*s - 0*s. What is the remainder when g is divided by s?
3
Suppose 0 = 2*o + 2*o - 12. Suppose o*g = 5 + 16. What is the remainder when 12 is divided by g?
5
Let w = 82 - 54. What is the remainder when 55 is divided by w?
27
Let a = 1 - 1. Suppose 4*r = -q + 19, a*q + 37 = 4*q + 3*r. What is the remainder when q is divided by 2?
1
Let c(f) = -f**3 + 29*f**2 + 30*f + 9. What is the remainder when 2 + -2 + -1 + 36 is divided by c(30)?
8
Calculate the remainder when 8 is divided by -1*(-5 - -2) - -3.
2
Suppose 3*w + 68 = 311. Let t be w/15 + 2/(-5). Suppose 17 + 28 = t*y. Calculate the remainder when y is divided by 5.
4
Suppose -3*s - s + 160 = 0. Suppose -s = -a - a. Suppose g - j - a = 0, j - 28 = -g - 6. Calculate the remainder when 61 is divided by g.
19
Let b(d) = -d**3 - 9*d**2 - 2*d - 3. Let p be b(-9). What is the remainder when 2/(-4)*2 - -30 is divided by (6/p)/(4/100)?
9
Suppose -594 = -7*o + o. Calculate the remainder when o is divided by 10.
9
Let m be 4/(8/(-3))*2. Let v = 8 + m. Suppose 39 - 14 = v*f. What is the remainder when 13 is divided by f?
3
Suppose -3*i + 6 = 0, -2*i + 5*i + 18 = 3*d. Suppose 40 = 4*a + d. What is the remainder when 30 is divided by a?
6
Calculate the remainder when (-6)/(-2*(-4)/(-184)) is divided by 35.
33
Suppose 0 = 